n(r) = 2*r + 18. Let p = -354 + 340. What is n(p)?
-10
Let g(o) = 5*o**2 + o - 5. Let n = -3 - -5. Let d(t) = 1 - 3 - 3 + t + 6*t**n. Let f(a) = -4*d(a) + 5*g(a). Determine f(0).
-5
Let o = -2 - 4. Let l(h) be the second derivative of h**4/24 + h**3/3 - 5*h**2/2 + 4*h. Let g(r) be the first derivative of l(r). What is g(o)?
-4
Let u(k) be the first derivative of k**7/840 + k**6/180 + k**5/30 + k**4/24 + 8*k**3/3 + 17. Let o(q) be the third derivative of u(q). Calculate o(-3).
-20
Let k(d) = -d - 3. Let w be (-2)/(-10) + 63/(-15). Let p be w/(12/9) - -13. Let z = p - 3. Calculate k(z).
-10
Let n be (-3)/15*(31 + -36). Let b(m) = -18*m - 1. Calculate b(n).
-19
Let j(o) be the first derivative of -o**3/3 + 2*o**2 + o + 3. Let s be 3*2/(-6)*-3. Let y be (-16)/(-2) + (-12)/s. Give j(y).
1
Let h(x) be the first derivative of -2*x**2 + x - 1. Let m(u) = u**2 - 19*u + 47. Let w be m(16). Determine h(w).
5
Let g be ((-70)/42 - -2)/(1/3). Let k(x) = 0*x + 0 + 0*x - 1 + 2*x - 4*x**2. Give k(g).
-3
Suppose 0 = 3*n - 5*c - 3, -3*n - 3*c + 31 - 4 = 0. Let l(b) = -3. Let k(y) = y + 17. Let g(v) = -k(v) - 4*l(v). What is g(n)?
-11
Let x(m) = -m + 15. Let s = 1467 + -1451. Calculate x(s).
-1
Let a(z) = -z**3 - 5*z**2 + 3*z + 3. Let d(k) = 2*k**2 + 30*k + 30. Let h be d(-14). Let x be ((-2)/(-6) - 0)*(-17 + h). Calculate a(x).
-12
Let u(i) = 5*i**3 + 2*i**2 + 6*i + 12. Let h(k) = k**3 - k**2 + k + 1. Let m(n) = 6*h(n) - u(n). What is m(8)?
-6
Let f(z) = -16*z**3 + z**2 + z + 1. Let s = 4 - 8. Let i be s/(-36) + (-10)/9. Give f(i).
17
Let y(x) = 15*x + 99. Let h(g) = 6*g + 34. Let l(v) = 8*h(v) - 3*y(v). Determine l(9).
2
Suppose 5*q - 110 = -5*o, 2*o + 91 + 12 = 5*q. Let b(p) = -5*p - 20*p + q*p + 4. Give b(6).
-20
Let k(g) = -2*g - 1. Let u be -12*((-5)/(-5))/3 + 9. What is k(u)?
-11
Let g(k) = -50*k + 19. Let i(h) = 13*h - 4. Let o(a) = -2*g(a) - 9*i(a). What is o(2)?
-36
Suppose -p + 23 - 18 = 0. Let k(g) be the third derivative of -g**5/60 + 5*g**4/24 + g**3 + g**2. What is k(p)?
6
Suppose 0 = -u + 3, u = -j + 1 + 2. Let f(v) = 15*v + 1 + j*v - 11*v. What is f(-3)?
-11
Let k(d) = d + 11. Suppose 0 = -h + f - 10, -5*h + 4*f = -0*f + 46. What is k(h)?
5
Let b(s) = s**2 + 10*s + 11. Let k be b(-9). Suppose c + 1 = 4*w - 5, 3*c + k*w = 24. Let u(m) = m**2 - 5 + c + 2 - 2*m. Calculate u(3).
6
Let r(q) = -5*q + 2 + 5*q - q**2. Suppose -68*p = -55*p. Give r(p).
2
Let g(p) = -7*p**2 - 167*p + 34. Let b be g(-24). Let i(z) = z**3 - 11*z**2 + 7*z + 22. What is i(b)?
-8
Let n(o) = -2. Let f(m) = 6*m + 21. Let c(p) = f(p) + 18*n(p). Calculate c(0).
-15
Suppose 0*a = -2*z + 4*a + 4, 3*a = 0. Let r(d) = -z + 0*d - d - 14. What is r(0)?
-16
Let y be (-8 - 1) + (9/(-3) - -2). Let b(s) = s**2 + 11*s + 14. What is b(y)?
4
Let p(q) = -6*q - 3. Let u(j) = -j**3 - 7*j**2 + 17*j - 7. Let s be u(-9). Suppose -5*r = 4*v + 6, -3 = 2*r + s*r + 5*v. What is p(r)?
9
Let c(k) = k + 2. Suppose -5 = 2*u - 5*n, -u - n + 45 = 3*u. Suppose v - 3*v = -u. Suppose -v*s - 12 = -2*s. What is c(s)?
-2
Let q(p) = -p**2 + 5*p + 6. Let d(g) = -1. Let m(k) = k**2 + 8*k + 10. Let s(x) = -4*d(x) + m(x). Let n be s(-7). Calculate q(n).
-8
Let a be (18/(-6) - -2)*1. Let p(n) = -13*n**3 + n**2 - 1. Give p(a).
13
Let k(r) = 10*r + 3. Let x = 23 + -6. Let g(j) = -29*j - 9. Let u(p) = x*k(p) + 6*g(p). Let y(q) = -q**3 - 3*q**2 - 2*q - 3. Let i be y(-2). Determine u(i).
9
Let a(j) = j**2 + j. Let k(o) = o**2 + 7*o + 12. Let x(z) = z**2 + 7*z + 13. Let r(l) = -6*k(l) + 5*x(l). Let i(c) = 2*a(c) + r(c). Give i(6).
-1
Let w = -10 + 1. Let f(m) = 139*m - 1. Let u(a) = -87*a. Let y(h) = 5*f(h) + 8*u(h). What is y(w)?
4
Let r(v) be the third derivative of v**4/24 - 5*v**3/3 + 11*v**2. Calculate r(9).
-1
Let y(i) = -i**2 + 3*i - 1. Suppose -2*a - w + 21 = -8, 4*a - 79 = 5*w. Suppose -36 = -5*g - 4*z, 5*z = 3*g - 2*g + a. Calculate y(g).
-5
Let l(u) = u**2 + 3*u - 19. Let z be l(4). Let b(x) = x**3 - 9*x**2 + 3*x - 16. Give b(z).
11
Let k = 73 + -75. Let y(w) = 2*w - 1. Calculate y(k).
-5
Let l(x) be the second derivative of 0*x**2 - 1/2*x**3 + 0*x**4 + 0 - 1/120*x**5 + 4*x. Let t(y) be the second derivative of l(y). What is t(-5)?
5
Let u(n) = 4*n**2 - 11*n + 2 - 6*n**2 + 9 + 4*n**2 - 7. Determine u(5).
-1
Let k(x) be the first derivative of -1/3*x**3 + 0*x**2 + 12*x - 7. Give k(0).
12
Suppose -3*k - 11 = -4*j, -3*k = -4*j - 4*k + 23. Let i(l) = -l**2 + 5*l + 5. What is i(j)?
5
Suppose -4*m + r - 792 = 0, -396 = 2*m - r - 4*r. Let o be m/63 + (-1)/(-7). Let j(q) = 2*q + 1. Determine j(o).
-5
Let n(k) = k**3 + 4*k**2 - 7*k - 4. Let m be n(-5). Suppose -4 = -2*p + m. Let a(i) = i + 3 + 1 - 2*i. Calculate a(p).
-1
Let z(q) = 4*q**2 + q**2 - 22*q + 25*q + 3 + 4. Let d(p) = 14*p**2 + 9*p + 20. Let u(j) = -6*d(j) + 17*z(j). Give u(3).
-1
Let w(t) = -34*t**3 + t. Suppose 4*a - 5 = -k, -3*k = -5*a + 61 - 59. Determine w(a).
-33
Let p(x) = -x**3 - x**2. Let d(c) be the first derivative of 3*c**4/2 + 4*c**3/3 - c**2 + 4*c - 8. Let j(s) = -d(s) - 5*p(s). Determine j(3).
-16
Let q(v) = -4*v**3 + v**2. Let h(y) = 7*y**3 - 2*y**2. Let l(b) = -6*h(b) - 13*q(b). Let p = -15 - -12. Let s be -1*(6/p + 1). Calculate l(s).
9
Suppose 4*s - 3 = -y, -2*s + 7*y = 8*y - 3. Suppose s*u + n + 8 = -u, 3*n + 12 = u. Let m(f) = -4*f - 4. Calculate m(u).
8
Let z be (-156)/21 - (-6)/14. Let b = z + 3. Let a = b - -3. Let p(d) = 12*d**3 + d**2 + d. Determine p(a).
-12
Let n(q) be the third derivative of q**5/40 + q**4/12 - 11*q**3/6 - 7*q**2. Let r(p) be the first derivative of n(p). Give r(-3).
-7
Let x = 2504 - 2504. Let s(i) = i + 44. Determine s(x).
44
Let w(c) = -c**3 - 3*c**2 + 1. Let g(v) = 5*v**3 + 8*v**2 - v. Let s(o) = g(o) + 4*w(o). Calculate s(4).
0
Suppose 3*o + 0*x - 3 = 3*x, -3*o + x + 3 = 0. Let k(l) be the third derivative of -4*l**2 + 0*l - 1/8*l**4 + 0*l**3 + 0. Determine k(o).
-3
Let r(y) be the third derivative of -5*y**4/24 - y**3/2 + 2*y**2. Let z be (18/6)/(2/(-2)). What is r(z)?
12
Let f(s) = 2*s - 4*s + 6 + s + 2*s. Let n be 60/9*3/2. Suppose -n = 4*z + 18. What is f(z)?
-1
Suppose 4*r - 9 = -3*c, 11*r + 3*c - 9 = 6*r. Let d(a) be the third derivative of -2*a**2 + 5/6*a**3 + 0 - 1/24*a**4 + r*a. Determine d(-4).
9
Let s(i) be the first derivative of 2*i**3/3 + 3*i**2 + 2*i - 77. What is s(-4)?
10
Let c(o) = 5 + 8 + 16*o**3 - 7 - 15*o**3. Give c(0).
6
Let a(z) = z**2 + 5*z - 6. Let x be a(-6). Suppose x = -3*j + 9 + 9. Let p(y) = -y**2 + 6*y - 8. Calculate p(j).
-8
Let d(u) = 2*u - 6. Suppose 40*k = 36*k - 32. Give d(k).
-22
Let v be 1/((-1)/1)*(15 - 0). Let o(w) = w**3 + 14*w**2 - 17*w - 36. Let k be o(v). Let q(l) = 2*l + 8. Give q(k).
-4
Let c(s) be the second derivative of 4*s**5/5 - s**4/12 + 836*s. Suppose 0 = 5*n - 0*n - 5. Give c(n).
15
Let l(j) = -j**3 - 5*j**2 - 4*j + 2. Suppose -b - 15 = -6*b. Suppose -w - 8 = -b*w. Suppose -c - w = -0. Give l(c).
2
Let m(r) = -r**2. Let w = 57 - 58. Let s be ((-9)/6)/(w/(-2)) + -1. Determine m(s).
-16
Let y(n) = -n - 15. Let q be y(-14). Let v(s) = 14*s + 1. Calculate v(q).
-13
Let k(p) = 34 + 11*p + 44 + p**2 - 71. Calculate k(-5).
-23
Let k be (35/10)/(-7)*0. Suppose -4*h - 4*x = -7*h + 7, 2*h - 3*x - 5 = k. Let q be h/(-5) + 247/(-65). Let j(c) = -c**2 - 4*c - 2. Calculate j(q).
-2
Let c(y) be the third derivative of 5*y**4/24 - 5*y**3/6 + 3*y**2. Let k = 52 + -49. Suppose 19 = 4*m + k. What is c(m)?
15
Let r(l) = l**2 + 2*l + 1. Let k = 1 + 5. Suppose 0*q - k = -2*q. Let x be (6/(-9))/(2/q). What is r(x)?
0
Let z(l) = -2*l**2 - 9*l - 4. Let x(a) = -a**2 - 8*a - 4. Let y(n) = 3*x(n) - 2*z(n). Suppose 0 = -2*v + 1 + 5. Suppose -v + 28 = 5*p. Determine y(p).
-9
Let l(g) = -4*g - 3*g - 7*g + 9 + 6*g + 7*g + g**2. Calculate l(0).
9
Let f(c) = -1 + c - 21*c - 2*c + 18*c. Give f(-3).
11
Let c(v) = 8289 - 4148 - 4142 + 5*v. Calculate c(8).
39
Let w(p) = -p**3 - 9*p**2 - 7*p + 8. Suppose 5*y + 4*l + 20 = -l, -4*y + 5*l + 20 = 0. Suppose 2*j = -2*j, 4*f - 3*j + 32 = y. Calculate w(f).
0
Let x(m) be the second derivative of 13*m**3/6 + 11*m**2 + m + 254. Calculate x(-2).
-4
Let m(v) = 0*v**2 + 13*v**3 - 25*v**3 + 1 + 3*v**2 - 2*v + 10*v**3. What is m(2)?
-7
Let d(z) = -z**2 - 5*z + 10. Let h(s) = -s**2 - 3*s + 5. Let r(x) = -4*d(x) + 7*h(x). Let p(f) = f**2 + 1. Let n(i) = 4*p(i) 